*m = -5*f + 13, r = m + 3*f - 7. Let u(a) = 9*a**3 - 2*a**2 + a. What is the units digit of u(m)?
8
Let o = 1 - -2. Let d be ((-2 - 0) + o)*-2. What is the units digit of (15/20)/(d/(-8))?
3
Let b be 1/4 + (-290)/8. Let l = -26 - b. What is the units digit of l?
0
Let l(b) = -b**3 - 3*b**2 - b + 3. Let p be l(-4). Suppose -4*c + 33 + p = 0. Let s = -8 + c. What is the units digit of s?
6
Let y = -24 + 45. What is the units digit of y?
1
Let h(f) = -6 - f - f**2 - f + 9*f + 2*f**2. Let b be h(-8). Suppose b*y + 2*y = 3*i + 17, y - i = 5. What is the units digit of y?
2
Suppose 0 = 2*o - o - 2. Suppose 0*w = w + o. What is the units digit of ((-8)/(-10))/(w/(-5))?
2
What is the units digit of 564/18 + (-1)/3?
1
Suppose 6 = l + 14. What is the units digit of (-5)/((-30)/l)*-6?
8
Suppose 4*g - 84 = -3*o - o, 3*o + 41 = g. Let l(t) = t**2 - 7*t - 7. Let n be l(6). Let z = n + g. What is the units digit of z?
3
Let g be (-8)/(-10)*(-210)/(-6). Suppose -3*s + q = -g, 0 = q - 2. What is the units digit of s?
0
Let x(v) = -6*v - 7. What is the tens digit of x(-6)?
2
Suppose -2*m + 48 = r - 3*r, -4*r = 5*m - 75. What is the units digit of m?
9
Suppose 0 = -2*m + 88 - 6. Let f = -19 + m. What is the tens digit of f?
2
Suppose 3*h = 4*l + 362 - 2, -h + 120 = -2*l. Suppose 0 = -4*c + 4*q + h, q - 36 = -c - q. What is the tens digit of c?
3
Let a be 3/15 - 9/(-5). Suppose -y - 4*d = y, a*y - 2*d - 18 = 0. What is the units digit of y?
6
Let a = -7 - -14. Suppose -5*q + 2*n = a, n = -4*q + 2*n - 5. What is the units digit of 7 + (-4)/2*q?
9
Let p(i) = -i**2 + 8*i + 1. Suppose -15 = -3*w - 0*w + 2*a, a - 24 = -3*w. What is the units digit of p(w)?
8
Suppose -5*g = 5*n - 25, -4*g + 2 = -2. Let j(u) = 2*u - 6. What is the units digit of j(n)?
2
Suppose -3*b - 4*i - 19 = 0, -3*i + 7 = 19. Let f be ((-2)/1 + -2)*b. Suppose -a + 3 = 0, -f*r + 5*a + 30 = r. What is the units digit of r?
9
Let k(v) = v**3 - 6*v**2 + v - 1. What is the units digit of k(6)?
5
Let q = -1 + 5. Suppose p = q*p - 90. What is the units digit of p?
0
Suppose 2*q + 9 = 3*q. Suppose -3*w - 2*c + 15 + 0 = 0, -2*c = w - q. Suppose 2 = -o - 5*d, -w*d = 3*o - 2*d - 8. What is the units digit of o?
3
Let k = 73 + -49. Suppose k - 172 = -4*p. What is the tens digit of p?
3
Let t = -5 - -13. Let s = -1 + t. Let u(y) = y**2 - 5*y - 10. What is the units digit of u(s)?
4
Let v(j) = 5*j**2 - 4*j - 4. Let n be v(-6). Suppose x + n = 5*u + 20, -x = 0. What is the units digit of (-8)/u + 92/9?
0
Suppose 14*w = 4*w + 330. What is the units digit of w?
3
What is the units digit of -8*3/(-2) - (21 + -18)?
9
Let n(l) = l - 2. Let a be n(5). Suppose -5*g = -g, a*t = -3*g - 138. What is the units digit of t/(-10) - 8/(-20)?
5
Suppose -h + 80 = 4*h. What is the units digit of h?
6
Let z(i) = 8*i. Let c(k) = 7*k + 1. Let l(s) = -5*c(s) + 4*z(s). What is the units digit of l(-5)?
0
Let n(f) = -2*f**2 + 9*f - 5. Let x(v) = 5*v**2 - 26*v + 14. Let b(q) = 8*n(q) + 3*x(q). Suppose -3*m = 2*m + 25. What is the units digit of b(m)?
7
Let o = 19 + -13. Let l be (-9)/o*(-4)/(-1). What is the units digit of (-9)/3*2/l?
1
Let n = -134 - -224. What is the units digit of n?
0
Suppose -2*t + 5*d = -0*d - 18, 3*t - d - 14 = 0. Suppose h - 2*h = -t. Suppose -3*p + 20 = 3*m + 2, -3*m = -h*p + 45. What is the units digit of p?
9
Let x be (-192)/(-104) + 2/13. What is the units digit of 68/(-4 + x - -4)?
4
Let t(h) = -7*h**2 + 7. Let b be t(3). Let v = 94 + b. What is the tens digit of v?
3
Suppose -5*u = -8*u. Suppose -4*j + 7 + 5 = u. What is the units digit of j?
3
Suppose -37 = 3*s - 205. Suppose 79 = 3*r - s. What is the tens digit of r?
4
Let b = -26 - -33. What is the units digit of b?
7
Suppose -5*o = 5*y - 35, 4*y = 5*o + 2 - 10. Suppose 2*h = -y*h + 5. Suppose -4*c = -2*m - 3 - h, 20 = 5*m. What is the units digit of c?
3
Let d be (-2)/(-1) - (-128)/2. Let h = -46 + d. What is the units digit of (-130)/(-8) - 5/h?
6
Suppose 56*i = 55*i + 73. What is the units digit of i?
3
Let j be (-36)/(-10) - 4/(-10). Suppose -j = b + 2*a + 2*a, 0 = -5*b - 2*a - 56. What is the tens digit of (15/b)/((-2)/16)?
1
Let f = -10 + 57. What is the units digit of f?
7
Let q = 38 - 18. What is the units digit of q?
0
Suppose 16*i = 11*i + 300. What is the tens digit of i?
6
Suppose 2*d - 3*a = d + 19, 5 = -a. Suppose 9 = c - d. What is the tens digit of c?
1
Suppose 0*c - 2*c + 6 = 0. Suppose -12 = h - 4*h, 2*h = -c*x + 38. What is the units digit of x?
0
Suppose 8*b + 11 = 675. What is the tens digit of b?
8
Let o = 96 + -53. What is the tens digit of o?
4
Let h be ((-10)/(-4) - 0)*2. Suppose 5*d - 5*t = -5, 3*t + h = -0*d + 5*d. Suppose 15 = d*v + v. What is the units digit of v?
3
Let u(l) = -7*l + 1. Let z(h) = 8*h - 1. Let i(t) = -6*u(t) - 5*z(t). Let j be i(6). Let w(f) = f - 5. What is the units digit of w(j)?
6
Let n(d) be the third derivative of -5*d**4/24 + 5*d**3/6 + 2*d**2. Let a be n(-7). Suppose -h - 5*c + a = h, 5*h - 4*c = 34. What is the tens digit of h?
1
Let s = 10 + -3. Suppose 0 = 4*g + s + 33. Let v(j) = -j**3 - 9*j**2 + 8*j - 8. What is the tens digit of v(g)?
1
Suppose 6*r - 4*r = 124. What is the units digit of r?
2
Suppose 0 = -4*p + 2*k + 1568, -8*k + 1177 = 3*p - 9*k. What is the units digit of p?
3
Let y(z) = 32*z**3 + 3*z**2 - 2*z. What is the units digit of y(1)?
3
Suppose 4*f - 6*f = -10. Let o be ((-2)/10 - -1)*f. Suppose -2*a = o*m - 16, m - 4 + 3 = 0. What is the units digit of a?
6
Suppose 4*v - n - 156 = 0, 4*v - 156 = -3*n - 2*n. What is the tens digit of v?
3
Let m = 4 + 42. What is the units digit of m?
6
Suppose 0 = -4*s + m - 2*m + 65, s = -m + 20. What is the units digit of s?
5
Suppose g + 3*g = 116. Let v = g + -19. Suppose -2*o = 3*u - v, 5*u + 3*o - 13 = 3. What is the units digit of u?
2
Let h(a) = -a**3 + 10*a**2 + 4*a - 17. What is the units digit of h(8)?
3
Let j(t) = 4*t - 6. Let l be j(6). Suppose 4*c - 138 = l. Suppose 0 = -g - 3*k + 24, 2*k = -2*g + c - 7. What is the units digit of g?
2
Let a(n) = -n**3 + 3*n**2 + 6*n - 7. Let l be a(4). Suppose -l = 4*i - 21. What is the units digit of i?
5
Let p(n) = n**2 - 14*n + 23. What is the units digit of p(17)?
4
What is the tens digit of -2 + (-64)/(-6)*24?
5
Let w = 45 - 42. What is the units digit of w?
3
Let n be (1 - 0)/((-1)/(-3)). Suppose h = 2*q + n*h - 18, -2*h + 8 = 0. What is the units digit of q?
5
Let y = -14 - -37. What is the tens digit of y?
2
Suppose 4*x - 2*x = 18. Let i = x - -22. What is the units digit of i?
1
What is the tens digit of -2 - ((-3 - 22) + -2)?
2
Suppose -696 = -3*i - 5*y, -2*i - 3*y = i - 690. What is the tens digit of i?
2
What is the units digit of (-1 + 2)/((-7)/(-1351)) + -2?
1
Let f(w) = -2*w**2 + 4*w + 3. Let d(n) = -n**2 - n. Let s(u) = 3*d(u) - f(u). Let g be s(-7). What is the units digit of (19/(-5))/(g/15)?
9
Let i(h) = 5*h - 5. Let k(m) = -m + 1. Let g(s) = -i(s) - 6*k(s). What is the units digit of g(8)?
7
Let f = 27 - -8. What is the tens digit of f?
3
What is the tens digit of 14/(-49) + 583/7?
8
Suppose n - 10 = -h - 3*n, -3*h + 4*n + 94 = 0. What is the tens digit of h?
2
Let t be (-5)/20 + (-9)/(-4). Suppose 0 = 4*i + 4*u + 24, -4*i + 3*i = -t*u + 3. Let b(c) = -c + 3. What is the units digit of b(i)?
8
Suppose q - v - 169 - 79 = 0, 0 = 2*q - 3*v - 496. What is the tens digit of q?
4
Suppose 36 = 3*v - 33. What is the units digit of v?
3
Suppose 5*a + 22 + 13 = 0. Let n be (-18)/2 + -2 + 1. Let l = a - n. What is the units digit of l?
3
Let u(n) = 5*n**2 + n + 1. Let z be u(-4). Let m = z - 46. What is the tens digit of m?
3
Let l be -3 - 2/(6/(-117)). Suppose 0 = 3*t - 0*t - l. What is the tens digit of t?
1
What is the units digit of -11*(-1 + (-21)/3)?
8
Suppose 0 = -a - 2, 0*b - 48 = -2*b - 3*a. What is the units digit of b?
7
Let t(z) = -4*z - 1. Let n be ((-2)/(-4))/(2/12). Let c = n + -4. What is the units digit of t(c)?
3
What is the hundreds digit of (-1157)/(-5) - 6*6/90?
2
Let j(f) = -f**3 - 6*f**2 - 5*f - 6. Let z be j(-5). Let c(r) be the first derivative of r**3/3 + 2*r**2 - 4*r + 1. What is the units digit of c(z)?
8
Suppose -5*o = -357 - 343. Suppose 0*i - o = -4*i. What is the units digit of i?
5
Let m(i) = i**2 - 9*i + 9. Let t be m(6). Let c = -32 + 47. Let k = c + t. Wh